vert 7e82 (base 15) to base 13.
c320
Convert 100110111000 (base 2) to base 3.
10102011
Convert 4434 (base 10) to base 16.
1152
What is 974 (base 11) in base 13?
6c0
What is 796 (base 10) in base 14?
40c
Convert 14cb (base 16) to base 8.
12313
-2513 (base 9) to base 14
-97d
What is -572 (base 15) in base 3?
-1200122
Convert -413401 (base 6) to base 14.
-c14d
What is 13ba (base 15) in base 10?
4225
Convert 681 (base 12) to base 13.
58c
Convert -1254 (base 6) to base 3.
-102221
-14322 (base 5) to base 16
-4bc
10011 (base 10) to base 2
10011100011011
Convert -841 (base 10) to base 2.
-1101001001
What is -75a (base 13) in base 7?
-3445
What is 78075 (base 9) in base 5?
3124302
What is -4b7 (base 13) in base 9?
-1117
Convert 3969 (base 10) to base 8.
7601
10201 (base 4) to base 15
144
26ea (base 16) to base 7
41021
1001010110000100 (base 2) to base 7
216410
Convert -192 (base 12) to base 4.
-3332
What is -3312011 (base 4) in base 15?
-49ee
What is 44e (base 16) in base 6?
5034
Convert 14240 (base 9) to base 8.
22713
Convert -34a1 (base 13) to base 10.
-7398
What is -120000001 (base 3) in base 15?
-3391
What is -442 (base 10) in base 11?
-372
Convert -123413 (base 5) to base 3.
-20122221
Convert -6139 (base 13) to base 14.
-4c51
Convert -103223013 (base 4) to base 16.
-13ac7
496 (base 15) to base 13
621
What is 11100011 (base 2) in base 15?
102
What is 1394 (base 10) in base 16?
572
Convert 4342243 (base 5) to base 15.
171ed
What is 455 (base 6) in base 4?
2303
Convert 1011100011101000 (base 2) to base 6.
1003052
Convert 240 (base 16) to base 11.
484
-43 (base 5) to base 2
-10111
What is -1062 (base 9) in base 12?
-555
What is -230332 (base 6) in base 8?
-46160
Convert 2678 (base 9) to base 5.
31030
What is 1010000001000110 (base 2) in base 9?
62248
What is 1224 (base 9) in base 3?
1020211
What is -200201002 (base 3) in base 16?
-3545
10101110010 (base 2) to base 16
572
Convert -14411 (base 8) to base 4.
-1210021
Convert 61524 (base 7) to base 16.
3aa4
Convert -3c3 (base 16) to base 12.
-683
Convert -5420 (base 9) to base 5.
-111422
What is 1132103 (base 4) in base 2?
1011110010011
What is 13143 (base 5) in base 10?
1048
-1bb (base 16) to base 8
-673
What is -25 (base 10) in base 4?
-121
1010111011011 (base 2) to base 14
2079
56588 (base 10) to base 7
323660
Convert -162 (base 13) to base 3.
-100020
Convert -1715 (base 8) to base 11.
-805
What is a509 (base 13) in base 6?
253400
Convert -712 (base 14) to base 7.
-4022
Convert -314 (base 6) to base 3.
-11101
860 (base 12) to base 10
1224
-1110100101110 (base 2) to base 9
-11220
-11203133 (base 4) to base 12
-111bb
Convert 87fc (base 16) to base 7.
203331
What is 51802 (base 10) in base 13?
1a76a
-583e (base 15) to base 5
-1044414
What is -20200000 (base 4) in base 10?
-34816
-b2c (base 15) to base 2
-100111010101
Convert 4415 (base 6) to base 11.
847
What is 25 (base 14) in base 7?
45
211324 (base 5) to base 7
26445
What is -220010 (base 3) in base 11?
-542
Convert 22514 (base 6) to base 16.
c8e
117 (base 11) to base 6
351
-2e4 (base 15) to base 2
-1010011000
6624 (base 12) to base 3
120110001
-8009 (base 10) to base 9
-11878
What is -3641 (base 12) in base 7?
-23530
What is -12310302 (base 4) in base 2?
-110110100110010
What is 354 (base 8) in base 13?
152
212120 (base 3) to base 2
1001111100
-d717 (base 14) to base 3
-1212211210
-1474 (base 8) to base 9
-1120
-1443 (base 9) to base 6
-5020
-12b4 (base 13) to base 5
-41212
What is -407 (base 10) in base 6?
-1515
Convert -21801 (base 9) to base 16.
-38a4
What is 251 (base 12) in base 7?
1006
What is 823d (base 14) in base 4?
11131333
-187 (base 13) to base 5
-2110
What is 201200 (base 3) in base 6?
2243
Convert -1769 (base 12) to base 14.
-1053
What is 1445 (base 7) in base 2?
1000111100
What is -a (base 11) in base 3?
-101
Convert 110110001101 (base 2) to base 5.
102334
Convert 1536 (base 9) to base 3.
1121020
Convert -307 (base 11) to base 2.
-101110010
Convert 75457 (base 10) to base 9.
124451
Convert -124011 (base 5) to base 9.
-6623
What is -4477 (base 8) in base 10?
-2367
620 (base 10) to base 13
389
What is -1213112 (base 4) in base 12?
-39b2
What is 221221 (base 3) in base 2?
1010111100
What is 1042 (base 7) in base 2?
101110101
Convert -26e (base 16) to base 4.
-21232
1187 (base 9) to base 12
621
What is -130763 (base 9) in base 5?
-10014411
Convert 121120 (base 3) to base 16.
1bf
Convert -130 (base 16) to base 15.
-154
-11100310 (base 4) to base 10
-21556
What is 110011110 (base 2) in base 10?
414
-110120210 (base 3) to base 5
-243144
Convert -3504 (base 8) to base 10.
-1860
5ca (base 16) to base 11
1128
Convert -202342 (base 5) to base 6.
-50313
Convert 300102 (base 5) to base 6.
111310
Convert 1109 (base 14) to base 5.
43244
What is -310 (base 11) in base 4?
-11312
Convert -3a0 (base 14) to base 9.
-888
What is 11001101011 (base 2) in base 10?
1643
What is 3440323 (base 5) in base 4?
33020023
-45c3 (base 14) to base 6
-132051
What is -272 (base 11) in base 14?
-18d
Convert -3024 (base 13) to base 5.
-202441
221000 (base 3) to base 6
3043
1442103 (base 5) to base 4
13202313
What is fab (base 16) in base 13?
1a97
What is -1020110001 (base 3) in base 12?
-1213a
102 (base 7) to base 15
36
23ee (base 16) to base 13
4257
Convert -130321 (base 4) to base 16.
-739
Convert -116c7 (base 13) to base 2.
-111110010111111
What is 10231013 (base 4) in base 8?
45507
What is -200122 (base 3) in base 6?
-2155
What is -1e07 (base 15) in base 8?
-14604
Convert 3325 (base 6) to base 11.
643
What is 1486 (base 11) in base 7?
5365
What is -1124330 (base 6) in base 5?
-3324024
Convert -11033130 (base 4) to base 3.
-1002110010
What is -41c (base 14) in base 10?
-810
90c (base 13) to base 8
2775
Convert -3500 (base 10) to base 3.
-11210122
Convert 110022110 (base 3) to base 10.
8976
What is 468 (base 14) in base 16?
36c
What is -5ac4 (base 13) in base 15?
-3c0a
1f2c (base 16) to base 8
17454
Convert -60450 (base 8) to base 11.
-17761
6641 (base 10) to base 7
25235
Convert -100000010000110 (base 2) to base 4.
-10002012
Convert -212020 (base 4) to base 8.
-4610
Convert 112110000 (base 3) to base 10.
10530
What is 3460 (base 9) in base 3?
10112000
Convert 212111 (base 4) to base 3.
10100212
14f (base 16) to base 4
11033
-2301221 (base 4) to base 13
-5237
What is -111100111100 (base 2) in base 15?
-1250
What is 210020 (base 3) in base 5?
4243
Convert 176 (base 8) to base 7.
240
Convert 1cbc (base 14) to base 11.
3a54
3ad (base 14) to base 8
1345
What is -2429 (base 12) in base 14?
-16a5
What is 668 (base 12) in base 3?
1021222
Convert 48112 (base 9) to base 11.
22194
-1441 (base 9) to base 8
-2102
What is -13043 (base 6) in base 4?
-132303
Convert -139a (base 14) to base 2.
-110110001100
What is -5925 (base 11) in base 7?
-31441
What is -1110000001 (base 2) in base 15?
-3ec
What is 548 (base 9) in base 15?
1ee
16033 (base 9) to base 11
8269
What is 156235 (base 7) in base 8?
74422
-1365 (base 7) to base 4
-20121
Convert -81c9 (base 15) to base 16.
-6b16
342 (base 13) to base 14
2c1
-147 (base 12) to base 13
-124
What is -502 (base 6) in base 11?
-156
-201220 (base 3) to base 11
-449
Convert 23050 (base 6) to base 8.
6306
-212 (base 4) to base 9
-42
What is -114124 (base 8) in base 12?
-1a698
Convert -325 (base 11) to base 9.
-473
431 (base 15) to base 8
1662
21431 (base 5) to base 3
2001020
Convert 331030 (base 4) to base 15.
1261
What is 10111211 (base 3) in base 15?
b5a
Convert 1355 (base 6) to base 11.
2a7
9b6 (base 13) to base 7
4604
What is 13001 (base 7) in base 5?
102211
Convert 1122210022 (base 3) to base 7.
164123
What is -1212 (base 6) in base 12?
-208
10000111001101 (base 2) to base 15
286d
What is -574 (base 9) in base 7?
-1243
What is -879 (base 14) in base 4?
-122023
What is 361 (base 11) in base 13?
271
What is 1245 (base 9) in base 3?
1021112
Convert -37370 (base 8) to base 14.
-5c36
-9aba (base 14) to base 5
-1324240
Convert -200111 (base 4) to base 3.
-2211122
Convert -743 (base 11) to base 3.
-1020010
27061 (base 11) to base 6
455002
1510 (base 7) to base 13
36a
Convert -1546 (base 15) to base 6.
-33050
What is -4c1 (base 14) in base 3?
-1022022
Convert 1310 (base 7) to base 2.
111110001
-34431 (base 8) to base 12
-8561
What is 6b7 (base 12) in 